 + 8*o**3/3 + 5*o - 639. What is y(l)?
5
Let z(o) = -2*o**2 + 6*o - 6. Suppose -11*n + 51 - 7 = 0. Give z(n).
-14
Let u(p) = -p - 2. Let m(f) = -47 - 46 + 2*f + 97. Let n(q) = 3*m(q) + 7*u(q). Suppose -v = 1 + 2. What is n(v)?
1
Let b(g) be the third derivative of -g**5/60 + g**4/2 - 2*g**3 - 17*g**2. Calculate b(10).
8
Let j(c) = 3*c + 0*c**3 - 4*c**2 - c**2 - 1 + c**3. Suppose -5*w - 97*b + 92*b = -5, -1 = 3*w + 4*b. Determine j(w).
14
Let q(y) be the first derivative of -y**4/4 + y**3 + 3*y**2 - 2*y + 11. What is q(4)?
6
Let o(f) = -59*f + 9. Let p(w) = -48*w + 8. Let m(h) = 6*o(h) - 7*p(h). Calculate m(-2).
34
Let d(j) = -j**3 + 2*j**2 + 3*j + 1. Suppose -5*w + 29 = 24. Let b be 0/w - -2*(-3)/(-2). Determine d(b).
1
Let x(p) = 5*p**2 + p + 9. Let m(d) = -d**2 - d - 3. Let q(g) = -4*m(g) - x(g). Let z be 0/(-1) + (-20)/(-5). What is q(z)?
-1
Suppose 0 = -3*k + 9 - 0. Let y be (-9)/(k*(-3)/6). Let v(i) = 7*i + 2*i**2 - 8 + i + 3*i**2 - i**3. Calculate v(y).
4
Suppose o + 51 - 49 = -3*l, 2 = 2*o. Let v(z) = 5*z. Calculate v(l).
-5
Let b(y) be the second derivative of y**3/6 - 7*y**2 - 42*y. Let r be b(5). Let q(w) = w + 3. What is q(r)?
-6
Let i(v) = -v**2 + 8*v - 10. Let w = -977 + 982. Calculate i(w).
5
Suppose -z + 19 = -2*w, 7 = -2*z + w - 6*w. Let p(b) = 7 + 15 - 128*b + 127*b - z. What is p(6)?
7
Let q(t) = t**3 - 12*t**2 - 14*t + 12. Let w be -6 - (-110)/(-44)*(-114)/15. Give q(w).
-1
Let l(i) = i**2 + 2*i + 4. Let g be l(-2). Let v(u) = -5 - 6*u**3 + g*u**3 - 4*u**2 + 3*u**3 - 4*u. Calculate v(5).
0
Suppose 2*u = 743*n - 748*n + 8, -2*n - 4*u = 16. Let f(r) be the third derivative of r**6/120 - r**5/20 - 5*r**4/24 - r**3/2 - r**2. Calculate f(n).
-7
Let k(t) be the second derivative of -t**3/6 - t**2 + 85*t. What is k(-8)?
6
Let f = 54 + -51. Let k(m) = 4*m**2 - 2*m - 7. Let l(r) = 5*r**2 - r - 7. Let d(o) = f*l(o) - 4*k(o). Determine d(6).
1
Let g be ((-18)/(-12))/((-6)/(-16)). Suppose -g = -11*x + 40. Let m(n) = n**2 - 2*n - 1. Calculate m(x).
7
Let t(z) be the second derivative of z**3/6 + z**2/2 + 5*z. Suppose 3*a + 3*f = -12, a + 102 = 4*f + 103. Calculate t(a).
-2
Let p(w) = -w**3 - 18*w**2 + 20*w + 26. Suppose -5*o + 4*q = 115, 5*o - 3*q + 79 = -31. Give p(o).
7
Let m(v) = v**2 - 2*v + 3. Let k(z) = -8*z - 357. Let q be k(-45). Calculate m(q).
6
Let u(a) = 9*a**2 - 2*a - 3. Let l(h) = -18*h**2 + 4*h + 7. Let d(f) = 2*l(f) + 5*u(f). Suppose -25 = -5*b, 8*j - 3*b + 16 = 7*j. Calculate d(j).
10
Suppose -11 = -v - 5*m, -v + m = 14 - 7. Let i(n) = -n + 1. Let g(o) = -2*o + 4. Let q(f) = v*i(f) + g(f). Suppose 3*t = -11 + 29. Calculate q(t).
12
Suppose 0 = j + 5 - 6. Let h(y) = -y**3 + y**2 - 2*y - 2. Let u be h(-1). Let d(s) = -u*s + 10*s - 5*s. Give d(j).
3
Let b(q) = q**3 - 6*q**2 - 6*q + 6. Suppose c + j = -2*j + 13, 3*c - 5*j = -3. Calculate b(c).
-50
Suppose -4*n = -5*n - 6. Let y(o) be the first derivative of -o**6/360 - o**5/24 + o**4/6 - 5*o**3/3 - 10. Let h(k) be the third derivative of y(k). Give h(n).
-2
Let i(s) = -22*s**2 + 7*s - 7*s + 25*s**2 - 1. What is i(3)?
26
Let a(l) = l + 5. Let p(d) = -d - 4. Let u(s) = 5*a(s) + 6*p(s). Let v be 10/(-5)*1/2. Let j(k) = 6*k**2 - 4*k + 1. Let m(r) = v*j(r) + 2*u(r). Calculate m(-1).
-7
Let o(y) be the first derivative of y**4/4 - y**3 - 2*y**2 + 5*y + 1244. Let q(k) = k**3 - k + 4. Let m be q(0). Determine o(m).
5
Let q(v) = v**3 + 8*v**2 + 3*v - 5. Let o = 1251 - 1258. What is q(o)?
23
Let h = 171 - 169. Let s(l) = -8*l. Give s(h).
-16
Suppose 752*k - 745*k = 42. Let p(t) = -4*t - 3. What is p(k)?
-27
Let j = 1657/12 - 138. Let z(t) be the third derivative of -1/2*t**3 + 0*t + 6*t**2 - 1/15*t**5 + 1/120*t**6 + 0 + j*t**4. Determine z(3).
-6
Suppose 3*i = 4 + 116. Suppose x = -x + 5*c + 35, 4*x - 4*c = i. Let f(v) = v + 4. Calculate f(x).
9
Let w(m) = 0 + 3 + 3*m - 5. Suppose 0 = 3*d - 34 - 128. Suppose 50*l = d*l - 12. Give w(l).
7
Suppose 20*s + 55 = 195. Let a(l) = -l**3 + 7*l**2 - 5. Calculate a(s).
-5
Suppose -2*l = -5*o + 32, -2*l - 5*o + 3 = -5. Let z(f) be the first derivative of f**2 + 9*f + 9. Calculate z(l).
-3
Suppose 0 = 4*b - 2*l - 6, -4*b - 2*l = -0 - 10. Let m(v) = -6*v**2 + v + v**2 - 1 - 4*v**b. Let x(o) = -6*o - 155. Let s be x(-26). Determine m(s).
-9
Let o(g) = 2*g**2 - 3 - 5*g + 17*g - 11*g. Let a be o(-2). Let c be a/3 - (1 - 1). Let u(f) = -2*f**3. Calculate u(c).
-2
Let q(l) = l**3 - 17*l**2 - l + 13. Suppose j - 4*o - 33 = 0, 4*j - 2*o - 48 = 28. Give q(j).
-4
Let q(t) = 525*t + 10*t**2 - 535*t - 5 + t**3 + 15. What is q(-11)?
-1
Let g(j) = -j**2 - 3*j + 2. Let n be g(-3). Let d(x) = 2*x - 11. Let q be d(8). Let b(r) = -3*r - 2 + 2*r - q*r**2 + 6*r**2. Calculate b(n).
0
Let y(w) = -w**3 + 2*w**3 - 4*w - w**2 - w**2 + 4. Suppose -19*r + 34 = -23. What is y(r)?
1
Suppose -6*b + 4 = -38. Let f(j) = 9*j**2 + 10*j - b*j - 10*j - 10 - 5*j**3 + 4*j**3. Give f(8).
-2
Let d(k) = -k**2 + 11*k + 15. Let a = -556 - -568. Give d(a).
3
Let w(x) = 4*x - x**3 + 1 - 4*x**2 - 5*x + 3*x + 2*x**3. Calculate w(2).
-3
Let y(p) = -8 - 7*p + 6*p + 13. Let g(a) = 8*a - 9. Let z be g(2). What is y(z)?
-2
Let a(f) = -f - 10. Suppose -5*m + 9*m = 0. Suppose -2*d + m = 2*c + 8, d = -2*c - 8. Determine a(d).
-10
Suppose -3*x + 39 = 4*q - 8*q, 5*q - 5*x = -50. Let h(y) = y**3 + 8*y**2 - 8*y + 5. Calculate h(q).
-4
Let a(t) be the first derivative of -t**2/2 - 9*t - 4. Suppose -6 = -5*h - 26. Calculate a(h).
-5
Let i(b) = -b**3 - 6*b**2 + 3. Let h(x) = x**3 + 6*x**2 + x - 2. Let a = -10 - -28. Let d be 4/a - 25/(-9). Let m(q) = d*h(q) + 2*i(q). Determine m(-5).
10
Let d(l) = 6*l**3 + 2*l**2 + 2*l + 1. Let t be 4 - (-2)/3*450/(-60). What is d(t)?
-5
Suppose 4 = -c, 0*p - c + 20 = 4*p. Let m(k) = -2*k + 9. Determine m(p).
-3
Let z(w) = -w - 4. Let r be 1/(1 - (-70)/(-75)). Suppose -10*b + r*b = -20. Give z(b).
0
Let j(t) be the second derivative of -t**5/20 - 5*t**4/12 + 3*t**3/2 + 3*t**2/2 - 681*t. Determine j(-6).
-15
Let l(z) = -z**3 + 3*z**2 - 3*z + 2. Let q = 90 + -87. Calculate l(q).
-7
Let o(x) = -x**2 + 9*x - 14. Suppose 37*b - 228 = -6. Determine o(b).
4
Let w(f) = 2 + 2 + 8*f**2 - 5 - 19*f**2 + 2*f. Calculate w(1).
-10
Let i(t) be the first derivative of t**2/2 - 10*t + 122. Determine i(3).
-7
Let w = 29 + -26. Let x(l) = l**w - l - 4 + 1 + 7 - 3*l**2. Give x(4).
16
Suppose -6*g - 19*g - 50 = 0. Let q(d) = 2*d**2 - 2*d - 3. Calculate q(g).
9
Let k(q) be the first derivative of 31 - 7*q + 1/2*q**2. Calculate k(4).
-3
Suppose h + 4 - 16 = 0. Let n(j) = 16*j**3 - 2*j + 1. Let s be n(1). Let w = h - s. Let y(t) = t**2 + t - 2. Calculate y(w).
4
Let r = 6 - 3. Suppose 0 = 6*d - 0*d - 24. Let o(b) = d*b + b**3 + b - b - 3*b**2 - 3 - 2*b. Calculate o(r).
3
Let p(v) be the first derivative of -3*v**2/2 - v - 1. Let y be (((-185)/(-30))/(-37))/((-1)/(-6)). What is p(y)?
2
Suppose -24*v + 294 - 102 = 24*v. Let c(j) = 2*j**2 - j - 2. Let d be c(2). Let y(t) = t**3 - d*t**2 + 0 + 0 + 2*t - 2. Calculate y(v).
6
Let h(d) = -d**3 + 12*d**2 - 10*d - 5. Suppose 24*w = 28*w - 44. Calculate h(w).
6
Let y(i) = -2*i**2 + 2*i. Let x be (6/(-10))/((-17)/85). What is y(x)?
-12
Let t be 46/115 - 26/(-10). Let l(x) = x**3 - 2*x**2 + 3*x - 4. Give l(t).
14
Let z(n) = -5 - 2*n - 6*n**3 + 0*n + 5*n**3 + 5*n**2 + 0. Suppose 0 = -0*p + 3*p + 15. Let i = 9 + p. What is z(i)?
3
Let s(d) = 3*d - 4*d**3 - d**3 + 2*d**2 - 14*d**2. Let q(t) = -2*t**3 - 4*t**2 + t. Let v(u) = -8*q(u) + 3*s(u). Suppose -3*k + 3 = -6. Calculate v(k).
-6
Suppose -2*c + 4*c + 25 = 5*g, -10 = 4*c - 2*g. Let i(f) = -9*f + 22. Let j(k) = 13*k - 22. Let t(u) = 3*i(u) + 2*j(u). Give t(c).
22
Let z(p) = p**3 - 2*p**2 - 4*p + 1. Let x be z(3). Let c(d) be the third derivative of 1/3*d**3 - 1/15*d**5 + 0 + 0*d + 0*d**4 + 4*d**2. Give c(x).
-14
Let l = 2 + 3. Let j(m) = m**2 - 9*m - 20. Let p be j(11). Let h(s) = -5*s + 79 - 85 + 2*s**2 - p*s**2 + s**2. Determine h(l).
-6
Suppose 9*p + 6 = -12. Let q(o) = 7*o + 7. Let x(y) = -6*y - 6. Let f(j) = 3*q(j) + 4*x(j). Give f(p).
3
Suppose -9*w - 140 = -44*w. Let f(k) = -k**3 - 3*k**2 - 2*k + 2. Let b be f(-2). Let r(n) = 0*n**3 - 4*n**2 - 3*n - n**3 - 3 + 8 + b*n**3. What is r(w)?
-7
Let d be ((-12)/(-24))/((-33)/(-36) + -1). Let h(l) = -l - 52*l**2 + 53*l**2 + 9 + 8*l. Give h(d).
3
Let v(r) be 